{"id":75,"date":"2019-01-15T09:47:05","date_gmt":"2019-01-15T08:47:05","guid":{"rendered":"http:\/\/www.francoisdelahaie.fr\/?page_id=75"},"modified":"2023-09-30T13:44:44","modified_gmt":"2023-09-30T11:44:44","slug":"preparation","status":"publish","type":"page","link":"https:\/\/www.francoisdelahaie.fr\/?page_id=75","title":{"rendered":"Pr\u00e9paration"},"content":{"rendered":"\n<p>Selon les s\u00e9quences de l\u2019\u00e9v\u00e9nement (s\u00e9minaire, atelier, r\u00e9union, \u2026), la\nvisibilit\u00e9 du visuel peut \u00eatre envisag\u00e9e de diff\u00e9rentes fa\u00e7ons selon les\nbesoins de l\u2019animation. La pr\u00e9paration permet de d\u00e9terminer ce qui est le plus\nadapt\u00e9 et le plus efficace en fonction des s\u00e9quences, des contraintes et des\nobjectifs. Je propose diff\u00e9rents formats ou m\u00e9dias :<\/p>\n\n\n\n<ul class=\"wp-block-list\">\n<li>Grand format : je r\u00e9alise le visuel sur un support de 1m de hauteur minimum\net dont la largeur d\u00e9pend de la dur\u00e9e de la s\u00e9quence. Le papier kraft, brun ou\nblanc la feuille Canson\u00ae ou le carton plume sont fix\u00e9s sur un support vertical,\nqui peut \u00eatre un simple mur lisse. Je pr\u00e9vois 2m de large pour 1 heure de\nmessage dense type synth\u00e8se. La distance d\u2019un participant par rapport au visuel\ndoit \u00eatre de 12m maxi pour une question de visibilit\u00e9.<\/li>\n\n\n\n<li>Petit format vid\u00e9o projet\u00e9 : pour de grandes assembl\u00e9es, de grandes salles,\nla r\u00e9alisation d\u2019un scribing grandeur nature ne suffit pas. Je r\u00e9alise alors\nles visuels sur papier A3 ou A4. Ils peuvent \u00eatre projet\u00e9s via ma cam\u00e9ra fixe\net mon ordinateur (je ne fournis pas le vid\u00e9oprojecteur).<\/li>\n\n\n\n<li>Tablette graphique vid\u00e9o projet\u00e9e : Pour des questions d\u2019\u00e9clairage, de type\nde contenu, d\u2019invisibilit\u00e9 de la main qui dessine, de stabilit\u00e9 de l\u2019image, je\nr\u00e9alise \u00e9galement le visuel directement en num\u00e9rique. L\u2019image peut \u00eatre\nr\u00e9cup\u00e9r\u00e9e en sortie vid\u00e9o pour un projection.<\/li>\n<\/ul>\n\n\n\n<p>Suite \u00e0 l\u2019entretien qui permet de d\u00e9terminer de quelle fa\u00e7on je vais\nintervenir, je r\u00e9alise un devis. Celui-ci contient une prestation forfaitaire\ncorrespondant \u00e0 la dur\u00e9e de l\u2019intervention en direct. La prestation inclut la\npr\u00e9paration, les prises de vue des visuels, leur retouche au format num\u00e9rique,\nla fourniture des fichiers ainsi que la cession des droits selon mes conditions\ng\u00e9n\u00e9rales de vente.<\/p>\n\n\n\n<p>Selon les cas, je peux \u00eatre amen\u00e9 \u00e0 facturer en plus les frais de d\u00e9placement (en dehors de Lyon) ainsi que des supports sp\u00e9cifiques (carton plume)<\/p>\n","protected":false},"excerpt":{"rendered":"<p>Selon les s\u00e9quences de l\u2019\u00e9v\u00e9nement (s\u00e9minaire, atelier, r\u00e9union, \u2026), la visibilit\u00e9 du visuel peut \u00eatre envisag\u00e9e de diff\u00e9rentes fa\u00e7ons selon les besoins de l\u2019animation. La pr\u00e9paration permet de d\u00e9terminer ce qui est le plus adapt\u00e9 et le plus efficace en fonction des s\u00e9quences, des contraintes et des objectifs. Je propose diff\u00e9rents formats ou m\u00e9dias : [&hellip;]<\/p>\n","protected":false},"author":1,"featured_media":0,"parent":0,"menu_order":0,"comment_status":"closed","ping_status":"closed","template":"","meta":{"ocean_post_layout":"","ocean_both_sidebars_style":"","ocean_both_sidebars_content_width":0,"ocean_both_sidebars_sidebars_width":0,"ocean_sidebar":"","ocean_second_sidebar":"","ocean_disable_margins":"enable","ocean_add_body_class":"","ocean_shortcode_before_top_bar":"","ocean_shortcode_after_top_bar":"","ocean_shortcode_before_header":"","ocean_shortcode_after_header":"","ocean_has_shortcode":"","ocean_shortcode_after_title":"","ocean_shortcode_before_footer_widgets":"","ocean_shortcode_after_footer_widgets":"","ocean_shortcode_before_footer_bottom":"","ocean_shortcode_after_footer_bottom":"","ocean_display_top_bar":"default","ocean_display_header":"default","ocean_header_style":"","ocean_center_header_left_menu":"","ocean_custom_header_template":"","ocean_custom_logo":0,"ocean_custom_retina_logo":0,"ocean_custom_logo_max_width":0,"ocean_custom_logo_tablet_max_width":0,"ocean_custom_logo_mobile_max_width":0,"ocean_custom_logo_max_height":0,"ocean_custom_logo_tablet_max_height":0,"ocean_custom_logo_mobile_max_height":0,"ocean_header_custom_menu":"","ocean_menu_typo_font_family":"","ocean_menu_typo_font_subset":"","ocean_menu_typo_font_size":0,"ocean_menu_typo_font_size_tablet":0,"ocean_menu_typo_font_size_mobile":0,"ocean_menu_typo_font_size_unit":"px","ocean_menu_typo_font_weight":"","ocean_menu_typo_font_weight_tablet":"","ocean_menu_typo_font_weight_mobile":"","ocean_menu_typo_transform":"","ocean_menu_typo_transform_tablet":"","ocean_menu_typo_transform_mobile":"","ocean_menu_typo_line_height":0,"ocean_menu_typo_line_height_tablet":0,"ocean_menu_typo_line_height_mobile":0,"ocean_menu_typo_line_height_unit":"","ocean_menu_typo_spacing":0,"ocean_menu_typo_spacing_tablet":0,"ocean_menu_typo_spacing_mobile":0,"ocean_menu_typo_spacing_unit":"","ocean_menu_link_color":"","ocean_menu_link_color_hover":"","ocean_menu_link_color_active":"","ocean_menu_link_background":"","ocean_menu_link_hover_background":"","ocean_menu_link_active_background":"","ocean_menu_social_links_bg":"","ocean_menu_social_hover_links_bg":"","ocean_menu_social_links_color":"","ocean_menu_social_hover_links_color":"","ocean_disable_title":"default","ocean_disable_heading":"default","ocean_post_title":"","ocean_post_subheading":"","ocean_post_title_style":"","ocean_post_title_background_color":"","ocean_post_title_background":0,"ocean_post_title_bg_image_position":"","ocean_post_title_bg_image_attachment":"","ocean_post_title_bg_image_repeat":"","ocean_post_title_bg_image_size":"","ocean_post_title_height":0,"ocean_post_title_bg_overlay":0.5,"ocean_post_title_bg_overlay_color":"","ocean_disable_breadcrumbs":"default","ocean_breadcrumbs_color":"","ocean_breadcrumbs_separator_color":"","ocean_breadcrumbs_links_color":"","ocean_breadcrumbs_links_hover_color":"","ocean_display_footer_widgets":"default","ocean_display_footer_bottom":"default","ocean_custom_footer_template":"","jetpack_post_was_ever_published":false,"footnotes":""},"class_list":["post-75","page","type-page","status-publish","hentry","entry"],"jetpack_sharing_enabled":true,"jetpack_shortlink":"https:\/\/wp.me\/PaCJF5-1d","_links":{"self":[{"href":"https:\/\/www.francoisdelahaie.fr\/index.php?rest_route=\/wp\/v2\/pages\/75","targetHints":{"allow":["GET"]}}],"collection":[{"href":"https:\/\/www.francoisdelahaie.fr\/index.php?rest_route=\/wp\/v2\/pages"}],"about":[{"href":"https:\/\/www.francoisdelahaie.fr\/index.php?rest_route=\/wp\/v2\/types\/page"}],"author":[{"embeddable":true,"href":"https:\/\/www.francoisdelahaie.fr\/index.php?rest_route=\/wp\/v2\/users\/1"}],"replies":[{"embeddable":true,"href":"https:\/\/www.francoisdelahaie.fr\/index.php?rest_route=%2Fwp%2Fv2%2Fcomments&post=75"}],"version-history":[{"count":2,"href":"https:\/\/www.francoisdelahaie.fr\/index.php?rest_route=\/wp\/v2\/pages\/75\/revisions"}],"predecessor-version":[{"id":985,"href":"https:\/\/www.francoisdelahaie.fr\/index.php?rest_route=\/wp\/v2\/pages\/75\/revisions\/985"}],"wp:attachment":[{"href":"https:\/\/www.francoisdelahaie.fr\/index.php?rest_route=%2Fwp%2Fv2%2Fmedia&parent=75"}],"curies":[{"name":"wp","href":"https:\/\/api.w.org\/{rel}","templated":true}]}}